 -5*v + 671 = o. Suppose -6*s = -s - v. What are the prime factors of s?
2, 13
Let d = 457 + 865. What are the prime factors of d?
2, 661
Let n = -36 - -38. Suppose 4*t - 118 = n*t. What are the prime factors of t?
59
Let i(g) be the first derivative of g**4/6 - 2*g**3 - 2*g**2 + 3*g - 5. Let x(a) be the first derivative of i(a). What are the prime factors of x(9)?
2, 5
Let p be 30/(-8)*4/(-3). Suppose 5*y + 0*y + 5*u - 1265 = 0, p*y = u + 1235. Suppose 3*q = -4*x + 151, 4*q + 0*q - 4*x - y = 0. What are the prime factors of q?
3, 19
Let f = 1664 + -831. List the prime factors of f.
7, 17
Suppose 3*p + 4*a = -2*p - 4, 3*a = -3*p - 3. Suppose p*q - 154 = -2*q. List the prime factors of q.
7, 11
Let z(t) = -t**3 - 8*t**2 - 8*t + 3. Suppose 3*f = 2*f - 5*x - 36, 4*f - x + 39 = 0. Let s = f - -4. List the prime factors of z(s).
2, 5
Suppose -5*m + 5*t = -3350, 0 = -4*m - 4*t + 2915 - 195. List the prime factors of m.
3, 5
Suppose -2*n = 5*b - 343, 0*b + b = n + 70. Suppose 5*f - 495 = -y, -3 - 12 = -3*y. Let h = f - b. What are the prime factors of h?
29
Suppose -98*u + 100*u = -12. Let z(c) = -7*c**3 - 5*c**2 + 6. Let s(y) = y**3 - 1. Let t(p) = 6*s(p) + z(p). List the prime factors of t(u).
2, 3
Let s(h) = 5*h**2 + h. Let b be s(1). Let t be 24/9 + 2/b. Suppose a - 4*n - 7 = 11, 54 = t*a + n. What are the prime factors of a?
2, 3
Let l = 41 + 30. Suppose 0 = -4*s + 3*v + l, 3*s - 2*v - 52 = -0*v. Suppose 12 + s = k. What are the prime factors of k?
2, 13
Suppose 32*a - 14*a - 17136 = 0. What are the prime factors of a?
2, 7, 17
Let k(g) = -g**3 + 2*g**2 - g + 21. Let j be 4/18 + 4/(-18). Let d be k(j). Let r = d - 15. List the prime factors of r.
2, 3
Suppose 5*p - 318 = -2*q + 6*p, 5*q + 5*p = 780. List the prime factors of q.
2, 79
Let d(w) = -w**3 + 18*w**2 - 19*w + 37. Let m be d(16). Let a = m - 146. What are the prime factors of a?
3, 11
Suppose -3*h - 3*v + 81 = v, 4*h = 5*v + 108. Let z = 167 - h. What are the prime factors of z?
2, 5, 7
Let y be (-1 + 7)*(-20)/(-30). Let x(s) = s**3 - 3*s**2 - 4*s + 3. Let v be x(y). Suppose 82 = v*a + 5*n, -2*a - 3*n + 124 = 2*a. List the prime factors of a.
2, 17
Let n = 15 + -26. Let j be (3 + n/3)*-15. Suppose 3*q + 4*m = 6*m + 70, -4*m - j = -q. List the prime factors of q.
2, 13
Let i(k) = -83*k. Let s be i(-1). Suppose c - 2*c - 5*o + s = 0, -4*c - 4*o = -300. What are the prime factors of c?
73
Suppose -4*d + 2 = u - 7, -2*u + 3*d + 7 = 0. Suppose -7*g + 3*g + 24 = -2*i, -u*g = -4*i - 33. List the prime factors of g.
5
Let b(x) = -x**2 + 1. Let o(a) = 2*a**2 - 4*a + 7. Let v(j) = -3*b(j) - o(j). Let s be v(-7). Let h = s + -7. List the prime factors of h.
2
Suppose 8*i - 8 = 6*i, 5*y - 109 = 4*i. What are the prime factors of y?
5
Suppose 5*i + 17 + 23 = 0. Let q = i - 12. Let r = -9 - q. List the prime factors of r.
11
Let z = 295 + -60. List the prime factors of z.
5, 47
Let m(j) = j**3 + 9*j**2 - 48*j + 1. List the prime factors of m(-12).
5, 29
Suppose 2*s - s = 47. Suppose 3*q + 9 = 0, u + u - s = -5*q. List the prime factors of u.
31
Suppose -w - 2*v + 158 = 0, 5*w - 2*v + v - 768 = 0. Let f = w + -73. List the prime factors of f.
3
Suppose -3*c + c = 0, 3*c = 3*t - 21. Suppose -w = -t*w + 690. What are the prime factors of w?
5, 23
Suppose 0 = 4*q + 90 - 302. Suppose 5*v - 185 = -5*y, -y + q = -0*v - 3*v. What are the prime factors of y?
41
Let l be -13*(-4 + 12/(-4)). Let p = -3 + l. List the prime factors of p.
2, 11
Let u = -1067 + 2071. List the prime factors of u.
2, 251
Suppose -4*c - 24 = 4*j - 3*j, 5*j - 2*c = -54. Suppose 3 = f, -3*o + 64 = -o + 4*f. Let n = o + j. What are the prime factors of n?
2, 7
Let r(s) = -54*s - 29. What are the prime factors of r(-11)?
5, 113
Let j(x) = -x**3 + 10*x**2 - 3*x + 31. List the prime factors of j(7).
157
Suppose 49660 = 22*u - 2*u. List the prime factors of u.
13, 191
Let n(p) = p**2 + 2*p + 8. Let j be 32/5 - (30/25)/3. List the prime factors of n(j).
2, 7
Suppose 3*d = -6, -1678 = -2*k - 3*d - 406. List the prime factors of (k/(-36))/((-1)/4).
71
Let y be (-4)/(-6)*(0 + -3). Suppose -2 = -h - 0. List the prime factors of (h/(-4))/(y/52).
13
Let b(v) = 4*v**2 + 3*v + 1. Let u be ((-18)/45)/(1/5). Let p be b(u). Suppose 3*j - p = 19. List the prime factors of j.
2, 5
Suppose -467*l + 466*l = -1925. List the prime factors of l.
5, 7, 11
Let q = -59 - -64. Suppose -3*c + 257 = -k, 0*k = q*c + 4*k - 400. List the prime factors of c.
2, 3, 7
Let f = -2127 + 2490. List the prime factors of f.
3, 11
Let b be (-40)/(-3) - (-2)/(-6). Let w(g) = g**2 - 12*g - 8. Let s be w(b). Suppose -4*i + 11 = 5*y, -3*y - 4*i + 0 = -s. List the prime factors of y.
3
List the prime factors of (71*-2)/((-36)/54).
3, 71
Let m(q) = -q**3 - 7*q**2 + 10*q - 17. Let z be m(-9). Suppose 5*h + z = l, 5*h = -0*l - 4*l + 95. Suppose 0*o - l = -5*o. What are the prime factors of o?
2, 3
Suppose -4*j + 4330 = -4106. What are the prime factors of j?
3, 19, 37
Suppose -2*x - 5*b = -6 - 3, 7 = 3*x + b. Suppose 0 = 4*v - x*v - 4*k + 116, -5*v + k = 245. Let f = v - -73. What are the prime factors of f?
5
Suppose -z + 54 = 2*x - 0*x, 3*z - 189 = 3*x. Suppose -2*a + 4*d = -40, 0 = -2*a - 15*d + 14*d + z. List the prime factors of a.
2, 7
Suppose 0 = k + 64 + 46. Let y = k - -168. List the prime factors of y.
2, 29
Let w(b) = -3*b**2 + 84*b + 37. What are the prime factors of w(23)?
2, 191
Suppose d - 821 = 3*a - 256, d + a = 577. What are the prime factors of d?
2, 7, 41
What are the prime factors of (173950/30)/7 - 4/(-6)?
829
Let c(j) = -2*j - 2. Let i(u) = -6*u - 7. Let y(h) = -8*c(h) + 3*i(h). Suppose -5*n - 20 = -0*n. List the prime factors of y(n).
3
Suppose 23*j + 2898 = 30*j. List the prime factors of j.
2, 3, 23
Let p(b) be the third derivative of -3*b**4/8 + 8*b**3/3 - 41*b**2. What are the prime factors of p(-5)?
61
Suppose 123*f + 138 = 124*f. What are the prime factors of f?
2, 3, 23
Let x be (-7548)/(-30) - -2 - (-6)/(-10). List the prime factors of 46/x + 1384/11.
2, 3, 7
Let v(b) = 68*b - 120. What are the prime factors of v(6)?
2, 3
Let t(v) = -5*v + 9. Let i(g) = -g**3 + 13*g**2 + 12*g + 15. Let u be i(14). List the prime factors of t(u).
2, 37
Let x(v) = -v**3 + 4*v**2 + 5*v + 4. Let i(h) = -h**2 + 5*h + 11. Let k be i(6). Let s be x(k). Suppose -s*j + 41 = -35. List the prime factors of j.
19
Suppose -m - 2*m = -5*w + 694, 0 = -3*w - 3*m + 426. What are the prime factors of w?
2, 5, 7
Let g = -1060 - -1928. List the prime factors of g.
2, 7, 31
Suppose 5*h - 16 = 2*d, -2*h - 4*d - 3 - 5 = 0. Suppose -5*f + 208 = a - 32, 480 = h*a - 3*f. List the prime factors of a.
2, 3, 5
Suppose -19*x - 1200 = -23*x. Suppose 0 = -2*j + x - 72. What are the prime factors of j?
2, 3, 19
Suppose -5*i + 3*i = -6. Suppose -13 = -i*g + 23. Let b = 16 + g. What are the prime factors of b?
2, 7
Suppose 7*f + 102 - 32 = 0. What are the prime factors of ((-104)/12)/(f/105)?
7, 13
What are the prime factors of -4*(-5)/(-25)*(-3460)/4?
2, 173
Let l(m) = -68*m + 105. List the prime factors of l(-12).
3, 307
Suppose 0 = -2*z + z + 6. Let k(y) = -1 + 3*y**2 - 10*y + 0 - y**2 - z. List the prime factors of k(8).
41
List the prime factors of ((-192)/(-30))/((-1)/(-80)).
2
Suppose -5*v - 4*h = 4, 5*v + 0 = 5*h + 5. Suppose 2*x + 3*f - 14 = v, -x + 6 = f - 0. Suppose 0 = -x*q + 8*q - 80. What are the prime factors of q?
2, 5
Let b be -3*(-3)/9 - 0. Let g be (-5)/(-10)*(b - -515). Suppose -r = -v + 60, -2*r = -2*v + 6*v - g. List the prime factors of v.
3, 7
Suppose 4*y - 2*y - 2*u = 1860, 0 = 2*y - u - 1858. List the prime factors of y.
2, 29
Let q(t) = t**3 - 12*t**2 + 11*t + 24. Let o be q(11). Suppose -x = -5*j - 20, x = -j + 4*j + o. What are the prime factors of x?
2, 3, 5
Let r = 2402 - 1464. What are the prime factors of r?
2, 7, 67
What are the prime factors of ((9/3)/(-3))/((-6)/1830)?
5, 61
Let g = 1609 + -760. What are the prime factors of g?
3, 283
Suppose -8849 + 3074 = -3*d - 8*w, 4*w = 2*d - 3850. List the prime factors of d.
5, 7, 11
What are the prime factors of 164/(-16) + 10 - (-35604)/16?
5, 89
Let z(o) = o**3 + 15*o**2 - 9*o - 3. List the prime factors of z(-14).
11, 29
Let u(l) = 42*l**2 - 12*l - 9. What are the prime factors of u(-7)?
3, 79
Let z(j) = j**3 - 19*j**2 - 